-15*k + 382 = 247. Let b be 120/k - -2 - (-2)/q. Calculate the highest common divisor of b and 48.
16
Let q be (14/147*18)/((-3)/(-98)). Calculate the highest common divisor of q and 749.
7
Let g(r) be the first derivative of r**2/2 + r + 9. Let f be g(4). Suppose 6 = -5*m + 31, j = 4*m. What is the highest common divisor of j and f?
5
Suppose 101*b = -30*b - 20*b. Let t(j) be the second derivative of -2*j**3/3 + 21*j**2/2 - j. Let c be t(b). Calculate the highest common factor of 6 and c.
3
Let k be 8 + 65/13*42/10. Suppose 0 = -5*b - 3*f + 1601, 233 = 3*b + 3*f - 730. Calculate the highest common factor of k and b.
29
Suppose 20*y = 18*y + 4. Suppose -2*p + 4*g = -144, 3*g = -y*p + 99 + 45. Suppose 22 = -p*n + 74*n. Calculate the highest common divisor of n and 77.
11
Let u be 39/(-858) + (-283367)/(-154). What is the greatest common factor of u and 400?
80
Let i be (20/2)/((-2)/(-2)). Let s be (-1 - (-4 + 1))*1. Suppose -3*a + 4*r = 12 - 64, 104 = 5*a + s*r. Calculate the greatest common divisor of a and i.
10
Let m be (-4)/(-2) + 30 + -2. Let h(l) = 0*l**2 - 67*l + 34210 + l**2 - 33940. Let n be h(0). What is the greatest common factor of n and m?
30
Let g(l) = 38*l + 800. Let y be g(-20). Let x be (39/(-15) - -3)*75. Calculate the greatest common factor of y and x.
10
Let n be 63/(-693) - 1041*16/(-22). What is the highest common divisor of 1 and n?
1
Let c = 53 - 7. Let z(u) = -132 + u + 291 + 12*u. Let o be z(9). What is the greatest common factor of o and c?
46
Let c be ((-756)/45)/(-28)*240. Calculate the highest common factor of 19656 and c.
72
Suppose 82*r - 77550 = 71*r. What is the highest common divisor of r and 150?
150
Let y(s) be the third derivative of 29*s**4/3 - 2*s**3/3 + 34*s**2. Let z be y(1). What is the greatest common factor of 24 and z?
12
Suppose -m - 4*i = -33, 4*m + m - i = 81. Suppose 2*o + 9 = m. Suppose -o = t, 4*f + 3*t = t + 52. Calculate the greatest common factor of f and 6.
3
Suppose -2*n + i + 3709 = 0, 9269 = -314*n + 319*n + i. Calculate the highest common factor of 18 and n.
18
Let i(d) = d**3 - 24*d**2 - 46*d - 18. Let g(k) = 2*k**3 + 5*k**2 - 6*k + 2. Let x be g(2). Let f be i(x). Calculate the greatest common factor of f and 92.
46
Suppose -3*w - 218 + 69 = -4*m, 0 = -2*m - w + 87. Let t = 43 - m. Suppose 0 = 12*l - t*l - 10. What is the greatest common factor of l and 13?
1
Let j be (-3)/9*(-252 - -68 - (-8 + 1)). What is the highest common divisor of 295 and j?
59
Suppose -227*f + 43*f = 159*f - 52822. What is the greatest common factor of f and 742?
14
Let l(b) = -b**3 + 4*b**2 + 2*b - 9. Let g be l(2). Let f be 665/14 + (-2)/(-4). What is the greatest common divisor of f and g?
3
Let k(j) = 2*j + 42. Let o be k(-16). Let h be o/(35/(-7))*10/(-4). Suppose 0*y = -5*y + 125. What is the highest common divisor of h and y?
5
Let t be (-27)/(-135) + -1*59154/(-30). Calculate the greatest common divisor of 51 and t.
17
Let r(x) = 79*x - 53. Let j be r(2). Let g = 159 + -129. What is the greatest common factor of g and j?
15
Let h(z) = -z**3 + 90*z**2 - 96*z + 647. Let j be h(89). What is the highest common factor of j and 776?
8
Let w be (-160)/(-25) - 4/10. Let s(g) = g. Let c be s(10). Let q = w + c. What is the greatest common factor of q and 4?
4
Let g(y) = y**3 + 55*y**2 + 514*y - 6. Let n be g(-12). Calculate the highest common factor of 1890 and n.
18
Let n(z) = -2*z + 64. Let y be n(15). Let q(m) = 4*m + 42. Let g be q(-2). What is the highest common factor of y and g?
34
Suppose 16*d - 161 - 79 = 0. Let z = 130 + -114. Suppose -11*t = -d*t + z. What is the greatest common factor of t and 36?
4
Suppose 2*d + 30*l - 825 = 29*l, -5*l = 35. What is the highest common divisor of 64 and d?
32
Suppose -5*h + 3430 = 5*q, -444*h + 439*h - 3390 = -5*q. Calculate the highest common divisor of q and 154.
22
Let x = -3365 - -3401. Calculate the highest common divisor of 2502 and x.
18
Let u be (5/10)/(-1 + 28/24) + 42. What is the highest common divisor of u and 12?
3
Let t be (2/4)/((-5)/120). Let b = -2 - t. Suppose 10 = -3*r + 5*r. Calculate the highest common factor of r and b.
5
Suppose 0 = 2*b, 360 = 3*f + 1381*b - 1382*b. Suppose 0 = -2*j - j + 396. Let l = j - 84. What is the greatest common divisor of l and f?
24
Suppose 0 = 15*t + 5611 - 6061. What is the highest common divisor of 170 and t?
10
Let l(y) = 15*y**2 - 15*y + 15. Let h be l(7). Suppose -90*k = -94*k + 60. Calculate the highest common divisor of h and k.
15
Let z = -2327 - -2439. Calculate the highest common factor of 84 and z.
28
Let w = 386 - 154. Let g(i) be the third derivative of -i**4/6 - 35*i**3/6 - 17*i**2. Let v be g(-16). What is the highest common divisor of v and w?
29
Let f be (1/(-3))/(-2 + 21/9). Let q be ((-3)/(-9)*-5)/(f/36). Let y = 120 - q. What is the highest common factor of 12 and y?
12
Suppose 0 = -74*j + 89*j + 6765. Let c = j - -493. Calculate the highest common factor of 9 and c.
3
Suppose 5*f - 6 = 2*t, t - 3 = -f - 6. Let d = 971 + -969. Suppose -5*r + f*r + 145 = 2*j, j = -d*r + 75. Calculate the highest common factor of j and 5.
5
Suppose 12*b = 708 - 528. Calculate the highest common divisor of b and 492.
3
Suppose -4*x = q - 335, 4*q = x - q - 68. Let s = x + -83. Suppose s = -z - 2*m + 111, -m + 0*m + 555 = 5*z. What is the greatest common factor of 74 and z?
37
Let o(n) = 5 + 2*n + 4*n + 13*n**2 + 1 - 2*n**2. Let l be o(-1). Suppose 3*j = 36 + 129. What is the greatest common factor of l and j?
11
Let h(p) = 53*p**2 - 40*p - 37. Let a be h(5). What is the highest common divisor of a and 374?
34
Let b(n) = 6*n + 88. Let y(i) = -i**3 + 15*i**2 - 10. Let a be y(15). Let g be b(a). What is the greatest common divisor of g and 28?
28
Suppose 18 + 2 = 5*t, 5*s + 2*t = 153. Let d = s - 14. Let a be -2 - 1368/(-10) - 9/(-45). What is the highest common divisor of d and a?
15
Suppose -2*d + 81 = -3*d. Let r = 119 + d. What is the greatest common divisor of 133 and r?
19
Let z = 24 - 32. Let n be 8/10*(-20)/z. Suppose -3*u + 205 = k + n*u, 5*k - 1088 = -4*u. Calculate the highest common factor of k and 20.
20
Let m = 17 - -38. Let u = -6 + m. Suppose -h + u - 8 = 3*r, 4*h = -5*r + 59. Calculate the greatest common divisor of 10 and r.
5
Let d be 13 + -4 - (-12)/(-2). Let o(y) = -y - 8. Let q be o(-10). Suppose -q*c + 1140 = d*c. Calculate the greatest common factor of 38 and c.
38
Let l = -2869 + 3031. What is the greatest common factor of l and 2106?
162
Suppose -24 = -3*d - 4*q, 32 = 4*q + 20. What is the highest common divisor of d and 154?
2
Let r(q) = q**3 + 13*q**2 + 15*q - 74. Let d be r(-11). What is the greatest common divisor of d and 1527?
3
Let k = -37922 - -42618. What is the highest common divisor of 8 and k?
8
Let w be 17 + -3 - (-4 + -2 + (-1 - -9)). What is the highest common divisor of 174 and w?
6
Suppose -p + 30800 - 5321 = 10*q, 5*p - 2543 = -q. What is the greatest common divisor of q and 252?
28
Let n be -2 + -1 + (14 - -1269). Let m be n/70 + 4/(-14). What is the greatest common factor of 342 and m?
18
Suppose 0 = -4*h - 3*x + 1900, 0*h + 1436 = 3*h + 5*x. Let n(t) = 2*t**2 + 101*t + 1200. Let f be n(-32). What is the highest common factor of h and f?
8
Suppose -1234 = -5*x + 4*o, x - 342 + 72 = -5*o. Calculate the highest common factor of 280 and x.
10
Let k(d) = -39*d + 8. Let x(n) = 1. Let w(b) = k(b) - 6*x(b). Let i = 47 + -49. Let a be w(i). Calculate the highest common divisor of 10 and a.
10
Suppose 29 = -29*m + 26*m + 2*c, c = -2*m - 10. Let u be 2/m + (-117260)/(-574). Calculate the highest common factor of 12 and u.
12
Let w(f) = f**3 + 95*f**2 + 10*f + 976. Let d be w(-95). Let j(v) = -v**3 - 4*v + 7. Let x be j(-6). Calculate the highest common divisor of x and d.
13
Suppose -4*x = 913 + 1007. Let u = -180 - x. Let q = u - 192. What is the highest common divisor of 12 and q?
12
Let o be (-2 - (-26)/16)/((-183)/4392). Suppose -3*a - 3 = 6. Let z be (-2)/(-3) + (-16)/a. Calculate the greatest common divisor of z and o.
3
Let p = 46186 - 43404. Calculate the greatest common factor of p and 702.
26
Suppose -3*u + 7*u + 5*k - 463 = 0, -u = -3*k - 103. Suppose 5*g - 20 = -5*m + 30, -22 = -g - 5*m. What is the highest common factor of u and g?
7
Let b(s) = 28*s**2 + 151*s + 9. 